[INFO] cloning repository https://github.com/GoTamura/ray
[INFO] running `Command { std: "git" "-c" "credential.helper=" "-c" "credential.helper=/workspace/cargo-home/bin/git-credential-null" "clone" "--bare" "https://github.com/GoTamura/ray" "/workspace/cache/git-repos/https%3A%2F%2Fgithub.com%2FGoTamura%2Fray", kill_on_drop: false }`
[INFO] [stderr] Cloning into bare repository '/workspace/cache/git-repos/https%3A%2F%2Fgithub.com%2FGoTamura%2Fray'...
[INFO] running `Command { std: "git" "rev-parse" "HEAD", kill_on_drop: false }`
[INFO] [stdout] 4fdc020acbace7a0fe39d5a2544577d3372382eb
[INFO] building GoTamura/ray against master#881c1ac408d93bb7adaa3a51dabab9266e82eee8 for issue-85264
[INFO] running `Command { std: "git" "clone" "/workspace/cache/git-repos/https%3A%2F%2Fgithub.com%2FGoTamura%2Fray" "/workspace/builds/worker-6/source", kill_on_drop: false }`
[INFO] [stderr] Cloning into '/workspace/builds/worker-6/source'...
[INFO] [stderr] done.
[INFO] validating manifest of git repo https://github.com/GoTamura/ray on toolchain 881c1ac408d93bb7adaa3a51dabab9266e82eee8
[INFO] running `Command { std: "/workspace/cargo-home/bin/cargo" "+881c1ac408d93bb7adaa3a51dabab9266e82eee8" "metadata" "--manifest-path" "Cargo.toml" "--no-deps", kill_on_drop: false }`
[INFO] started tweaking git repo https://github.com/GoTamura/ray
[INFO] finished tweaking git repo https://github.com/GoTamura/ray
[INFO] tweaked toml for git repo https://github.com/GoTamura/ray written to /workspace/builds/worker-6/source/Cargo.toml
[INFO] crate git repo https://github.com/GoTamura/ray already has a lockfile, it will not be regenerated
[INFO] running `Command { std: "/workspace/cargo-home/bin/cargo" "+881c1ac408d93bb7adaa3a51dabab9266e82eee8" "fetch" "--manifest-path" "Cargo.toml", kill_on_drop: false }`
[INFO] running `Command { std: "docker" "create" "-v" "/var/lib/crater-agent-workspace/builds/worker-6/target:/opt/rustwide/target:rw,Z" "-v" "/var/lib/crater-agent-workspace/builds/worker-6/source:/opt/rustwide/workdir:ro,Z" "-v" "/var/lib/crater-agent-workspace/cargo-home:/opt/rustwide/cargo-home:ro,Z" "-v" "/var/lib/crater-agent-workspace/rustup-home:/opt/rustwide/rustup-home:ro,Z" "-e" "SOURCE_DIR=/opt/rustwide/workdir" "-e" "CARGO_TARGET_DIR=/opt/rustwide/target" "-e" "CARGO_HOME=/opt/rustwide/cargo-home" "-e" "RUSTUP_HOME=/opt/rustwide/rustup-home" "-w" "/opt/rustwide/workdir" "-m" "1610612736" "--user" "0:0" "--network" "none" "ghcr.io/rust-lang/crates-build-env/linux@sha256:20528e8c29e4536546f0102ce88568b16ea7538393a33fcca951030f7af10457" "/opt/rustwide/cargo-home/bin/cargo" "+881c1ac408d93bb7adaa3a51dabab9266e82eee8" "metadata" "--no-deps" "--format-version=1", kill_on_drop: false }`
[INFO] [stdout] 8dde834d05c68e4903a724413dcb06b58514e01cfd97487f4b6e6e93870b543f
[INFO] [stderr] WARNING: Your kernel does not support swap limit capabilities or the cgroup is not mounted. Memory limited without swap.
[INFO] running `Command { std: "docker" "start" "-a" "8dde834d05c68e4903a724413dcb06b58514e01cfd97487f4b6e6e93870b543f", kill_on_drop: false }`
[INFO] running `Command { std: "docker" "inspect" "8dde834d05c68e4903a724413dcb06b58514e01cfd97487f4b6e6e93870b543f", kill_on_drop: false }`
[INFO] running `Command { std: "docker" "rm" "-f" "8dde834d05c68e4903a724413dcb06b58514e01cfd97487f4b6e6e93870b543f", kill_on_drop: false }`
[INFO] [stdout] 8dde834d05c68e4903a724413dcb06b58514e01cfd97487f4b6e6e93870b543f
[INFO] running `Command { std: "docker" "create" "-v" "/var/lib/crater-agent-workspace/builds/worker-6/target:/opt/rustwide/target:rw,Z" "-v" "/var/lib/crater-agent-workspace/builds/worker-6/source:/opt/rustwide/workdir:ro,Z" "-v" "/var/lib/crater-agent-workspace/cargo-home:/opt/rustwide/cargo-home:ro,Z" "-v" "/var/lib/crater-agent-workspace/rustup-home:/opt/rustwide/rustup-home:ro,Z" "-e" "SOURCE_DIR=/opt/rustwide/workdir" "-e" "CARGO_TARGET_DIR=/opt/rustwide/target" "-e" "CARGO_INCREMENTAL=0" "-e" "RUST_BACKTRACE=full" "-e" "RUSTFLAGS=--cap-lints=forbid" "-e" "CARGO_HOME=/opt/rustwide/cargo-home" "-e" "RUSTUP_HOME=/opt/rustwide/rustup-home" "-w" "/opt/rustwide/workdir" "-m" "1610612736" "--user" "0:0" "--network" "none" "ghcr.io/rust-lang/crates-build-env/linux@sha256:20528e8c29e4536546f0102ce88568b16ea7538393a33fcca951030f7af10457" "/opt/rustwide/cargo-home/bin/cargo" "+881c1ac408d93bb7adaa3a51dabab9266e82eee8" "build" "--frozen" "--message-format=json", kill_on_drop: false }`
[INFO] [stdout] 3ef07329594b960e292bdb52f221eeb07b03451a63e2241eba7ca21c12d2964c
[INFO] [stderr] WARNING: Your kernel does not support swap limit capabilities or the cgroup is not mounted. Memory limited without swap.
[INFO] running `Command { std: "docker" "start" "-a" "3ef07329594b960e292bdb52f221eeb07b03451a63e2241eba7ca21c12d2964c", kill_on_drop: false }`
[INFO] [stderr]    Compiling ray v0.1.0 (/opt/rustwide/workdir)
[INFO] [stdout] error: expected one of `:`, `@`, or `|`, found `)`
[INFO] [stdout]   --> src/geometry/bounds.rs:16:13
[INFO] [stdout]    |
[INFO] [stdout] 16 |     fn new(T) -> Self::Output;
[INFO] [stdout]    |             ^ expected one of `:`, `@`, or `|`
[INFO] [stdout]    |
[INFO] [stdout]    = note: anonymous parameters are removed in the 2018 edition (see RFC 1685)
[INFO] [stdout] help: if this is a `self` type, give it a parameter name
[INFO] [stdout]    |
[INFO] [stdout] 16 |     fn new(self: T) -> Self::Output;
[INFO] [stdout]    |            ^^^^^^^
[INFO] [stdout] help: if this is a parameter name, give it a type
[INFO] [stdout]    |
[INFO] [stdout] 16 |     fn new(T: TypeName) -> Self::Output;
[INFO] [stdout]    |            ^^^^^^^^^^^
[INFO] [stdout] help: if this is a type, explicitly ignore the parameter name
[INFO] [stdout]    |
[INFO] [stdout] 16 |     fn new(_: T) -> Self::Output;
[INFO] [stdout]    |            ^^^^
[INFO] [stdout] 
[INFO] [stdout] 
[INFO] [stdout] error[E0432]: unresolved import `geometry`
[INFO] [stdout]  --> src/geometry/ray.rs:1:5
[INFO] [stdout]   |
[INFO] [stdout] 1 | use geometry::Point3f;
[INFO] [stdout]   |     ^^^^^^^^ help: a similar path exists: `crate::geometry`
[INFO] [stdout]   |
[INFO] [stdout]   = note: `use` statements changed in Rust 2018; read more at <https://doc.rust-lang.org/edition-guide/rust-2018/module-system/path-clarity.html>
[INFO] [stdout] 
[INFO] [stdout] 
[INFO] [stdout] error[E0432]: unresolved import `geometry`
[INFO] [stdout]  --> src/geometry/ray.rs:2:5
[INFO] [stdout]   |
[INFO] [stdout] 2 | use geometry::Vector3f;
[INFO] [stdout]   |     ^^^^^^^^ help: a similar path exists: `crate::geometry`
[INFO] [stdout]   |
[INFO] [stdout]   = note: `use` statements changed in Rust 2018; read more at <https://doc.rust-lang.org/edition-guide/rust-2018/module-system/path-clarity.html>
[INFO] [stdout] 
[INFO] [stdout] 
[INFO] [stdout] error[E0432]: unresolved import `geometry`
[INFO] [stdout]  --> src/geometry/ray.rs:3:5
[INFO] [stdout]   |
[INFO] [stdout] 3 | use geometry::Normal3f;
[INFO] [stdout]   |     ^^^^^^^^ help: a similar path exists: `crate::geometry`
[INFO] [stdout]   |
[INFO] [stdout]   = note: `use` statements changed in Rust 2018; read more at <https://doc.rust-lang.org/edition-guide/rust-2018/module-system/path-clarity.html>
[INFO] [stdout] 
[INFO] [stdout] 
[INFO] [stdout] error[E0432]: unresolved import `geometry`
[INFO] [stdout]  --> src/geometry/object.rs:1:5
[INFO] [stdout]   |
[INFO] [stdout] 1 | use geometry::Normal3f;
[INFO] [stdout]   |     ^^^^^^^^ help: a similar path exists: `crate::geometry`
[INFO] [stdout]   |
[INFO] [stdout]   = note: `use` statements changed in Rust 2018; read more at <https://doc.rust-lang.org/edition-guide/rust-2018/module-system/path-clarity.html>
[INFO] [stdout] 
[INFO] [stdout] 
[INFO] [stdout] error[E0432]: unresolved import `geometry`
[INFO] [stdout]  --> src/geometry/object.rs:2:5
[INFO] [stdout]   |
[INFO] [stdout] 2 | use geometry::Vector3f;
[INFO] [stdout]   |     ^^^^^^^^ help: a similar path exists: `crate::geometry`
[INFO] [stdout]   |
[INFO] [stdout]   = note: `use` statements changed in Rust 2018; read more at <https://doc.rust-lang.org/edition-guide/rust-2018/module-system/path-clarity.html>
[INFO] [stdout] 
[INFO] [stdout] 
[INFO] [stdout] error[E0432]: unresolved import `geometry`
[INFO] [stdout]  --> src/geometry/object.rs:3:5
[INFO] [stdout]   |
[INFO] [stdout] 3 | use geometry::Point3f;
[INFO] [stdout]   |     ^^^^^^^^ help: a similar path exists: `crate::geometry`
[INFO] [stdout]   |
[INFO] [stdout]   = note: `use` statements changed in Rust 2018; read more at <https://doc.rust-lang.org/edition-guide/rust-2018/module-system/path-clarity.html>
[INFO] [stdout] 
[INFO] [stdout] 
[INFO] [stdout] error[E0432]: unresolved import `geometry`
[INFO] [stdout]  --> src/geometry/object.rs:4:5
[INFO] [stdout]   |
[INFO] [stdout] 4 | use geometry::Ray;
[INFO] [stdout]   |     ^^^^^^^^ help: a similar path exists: `crate::geometry`
[INFO] [stdout]   |
[INFO] [stdout]   = note: `use` statements changed in Rust 2018; read more at <https://doc.rust-lang.org/edition-guide/rust-2018/module-system/path-clarity.html>
[INFO] [stdout] 
[INFO] [stdout] 
[INFO] [stdout] error[E0432]: unresolved import `geometry`
[INFO] [stdout]  --> src/geometry/object.rs:5:5
[INFO] [stdout]   |
[INFO] [stdout] 5 | use geometry::ShadeRec;
[INFO] [stdout]   |     ^^^^^^^^ help: a similar path exists: `crate::geometry`
[INFO] [stdout]   |
[INFO] [stdout]   = note: `use` statements changed in Rust 2018; read more at <https://doc.rust-lang.org/edition-guide/rust-2018/module-system/path-clarity.html>
[INFO] [stdout] 
[INFO] [stdout] 
[INFO] [stdout] error[E0433]: failed to resolve: use of undeclared crate or module `geometry`
[INFO] [stdout]  --> src/geometry/point.rs:1:5
[INFO] [stdout]   |
[INFO] [stdout] 1 | use geometry::vector::*;
[INFO] [stdout]   |     ^^^^^^^^ use of undeclared crate or module `geometry`
[INFO] [stdout] 
[INFO] [stdout] 
[INFO] [stdout] error[E0433]: failed to resolve: use of undeclared crate or module `geometry`
[INFO] [stdout]  --> src/geometry/normal.rs:3:5
[INFO] [stdout]   |
[INFO] [stdout] 3 | use geometry::vector::*;
[INFO] [stdout]   |     ^^^^^^^^ use of undeclared crate or module `geometry`
[INFO] [stdout] 
[INFO] [stdout] 
[INFO] [stdout] error[E0433]: failed to resolve: use of undeclared crate or module `geometry`
[INFO] [stdout]  --> src/geometry/vector.rs:1:5
[INFO] [stdout]   |
[INFO] [stdout] 1 | use geometry::normal::*;
[INFO] [stdout]   |     ^^^^^^^^ use of undeclared crate or module `geometry`
[INFO] [stdout] 
[INFO] [stdout] 
[INFO] [stdout] error[E0433]: failed to resolve: use of undeclared crate or module `geometry`
[INFO] [stdout]  --> src/geometry/vector.rs:2:5
[INFO] [stdout]   |
[INFO] [stdout] 2 | use geometry::point::*;
[INFO] [stdout]   |     ^^^^^^^^ use of undeclared crate or module `geometry`
[INFO] [stdout] 
[INFO] [stdout] 
[INFO] [stdout] error[E0433]: failed to resolve: use of undeclared crate or module `geometry`
[INFO] [stdout]  --> src/geometry/bounds.rs:1:5
[INFO] [stdout]   |
[INFO] [stdout] 1 | use geometry::point::lerp;
[INFO] [stdout]   |     ^^^^^^^^ use of undeclared crate or module `geometry`
[INFO] [stdout] 
[INFO] [stdout] 
[INFO] [stdout] error[E0433]: failed to resolve: use of undeclared crate or module `geometry`
[INFO] [stdout]  --> src/geometry/bounds.rs:2:5
[INFO] [stdout]   |
[INFO] [stdout] 2 | use geometry::point::*;
[INFO] [stdout]   |     ^^^^^^^^ use of undeclared crate or module `geometry`
[INFO] [stdout] 
[INFO] [stdout] 
[INFO] [stdout] error[E0433]: failed to resolve: use of undeclared crate or module `geometry`
[INFO] [stdout]  --> src/geometry/bounds.rs:3:5
[INFO] [stdout]   |
[INFO] [stdout] 3 | use geometry::vector::*;
[INFO] [stdout]   |     ^^^^^^^^ use of undeclared crate or module `geometry`
[INFO] [stdout] 
[INFO] [stdout] 
[INFO] [stdout] error[E0432]: unresolved imports `geometry`, `geometry::normal::*`, `geometry::point::*`, `geometry::point::lerp`, `geometry::point::*`, `geometry::vector::*`
[INFO] [stdout]  --> src/geometry/vector.rs:1:5
[INFO] [stdout]   |
[INFO] [stdout] 1 | use geometry::normal::*;
[INFO] [stdout]   |     ^^^^^^^^^^^^^^^^^^^
[INFO] [stdout] 2 | use geometry::point::*;
[INFO] [stdout]   |     ^^^^^^^^^^^^^^^^^^
[INFO] [stdout]   | 
[INFO] [stdout]  ::: src/geometry/object.rs:6:5
[INFO] [stdout]   |
[INFO] [stdout] 6 | use geometry::Hit;
[INFO] [stdout]   |     ^^^^^^^^ help: a similar path exists: `crate::geometry`
[INFO] [stdout]   | 
[INFO] [stdout]  ::: src/geometry/bounds.rs:1:5
[INFO] [stdout]   |
[INFO] [stdout] 1 | use geometry::point::lerp;
[INFO] [stdout]   |     ^^^^^^^^^^^^^^^^^^^^^
[INFO] [stdout] 2 | use geometry::point::*;
[INFO] [stdout]   |     ^^^^^^^^^^^^^^^^^^
[INFO] [stdout] 3 | use geometry::vector::*;
[INFO] [stdout]   |     ^^^^^^^^^^^^^^^^^^^
[INFO] [stdout] 
[INFO] [stdout] 
[INFO] [stdout] error[E0412]: cannot find type `Point3` in this scope
[INFO] [stdout]    --> src/geometry/vector.rs:132:14
[INFO] [stdout]     |
[INFO] [stdout] 132 | impl<T> From<Point3<T>> for Vector3<T> {
[INFO] [stdout]     |              ^^^^^^ not found in this scope
[INFO] [stdout]     |
[INFO] [stdout] help: consider importing this struct
[INFO] [stdout]     |
[INFO] [stdout] 1   | use crate::geometry::Point3;
[INFO] [stdout]     |
[INFO] [stdout] 
[INFO] [stdout] 
[INFO] [stdout] error[E0412]: cannot find type `Point3` in this scope
[INFO] [stdout]    --> src/geometry/vector.rs:133:16
[INFO] [stdout]     |
[INFO] [stdout] 133 |     fn from(n: Point3<T>) -> Self {
[INFO] [stdout]     |                ^^^^^^ not found in this scope
[INFO] [stdout]     |
[INFO] [stdout] help: consider importing this struct
[INFO] [stdout]     |
[INFO] [stdout] 1   | use crate::geometry::Point3;
[INFO] [stdout]     |
[INFO] [stdout] 
[INFO] [stdout] 
[INFO] [stdout] error[E0412]: cannot find type `Normal3` in this scope
[INFO] [stdout]    --> src/geometry/vector.rs:142:14
[INFO] [stdout]     |
[INFO] [stdout] 142 | impl<T> From<Normal3<T>> for Vector3<T> {
[INFO] [stdout]     |              ^^^^^^^ not found in this scope
[INFO] [stdout]     |
[INFO] [stdout] help: consider importing this struct
[INFO] [stdout]     |
[INFO] [stdout] 1   | use crate::geometry::Normal3;
[INFO] [stdout]     |
[INFO] [stdout] 
[INFO] [stdout] 
[INFO] [stdout] error[E0412]: cannot find type `Normal3` in this scope
[INFO] [stdout]    --> src/geometry/vector.rs:143:16
[INFO] [stdout]     |
[INFO] [stdout] 143 |     fn from(n: Normal3<T>) -> Self {
[INFO] [stdout]     |                ^^^^^^^ not found in this scope
[INFO] [stdout]     |
[INFO] [stdout] help: consider importing this struct
[INFO] [stdout]     |
[INFO] [stdout] 1   | use crate::geometry::Normal3;
[INFO] [stdout]     |
[INFO] [stdout] 
[INFO] [stdout] 
[INFO] [stdout] error[E0412]: cannot find type `Vector3` in this scope
[INFO] [stdout]   --> src/geometry/point.rs:25:28
[INFO] [stdout]    |
[INFO] [stdout] 25 | impl<T: Add<Output=T>> Add<Vector3<T>> for Point3<T> {
[INFO] [stdout]    |                            ^^^^^^^ not found in this scope
[INFO] [stdout]    |
[INFO] [stdout] help: consider importing this struct
[INFO] [stdout]    |
[INFO] [stdout] 1  | use crate::geometry::Vector3;
[INFO] [stdout]    |
[INFO] [stdout] 
[INFO] [stdout] 
[INFO] [stdout] error[E0412]: cannot find type `Vector3` in this scope
[INFO] [stdout]   --> src/geometry/point.rs:28:25
[INFO] [stdout]    |
[INFO] [stdout] 28 |     fn add(self, other: Vector3<T>) -> Point3<T> {
[INFO] [stdout]    |                         ^^^^^^^ not found in this scope
[INFO] [stdout]    |
[INFO] [stdout] help: consider importing this struct
[INFO] [stdout]    |
[INFO] [stdout] 1  | use crate::geometry::Vector3;
[INFO] [stdout]    |
[INFO] [stdout] 
[INFO] [stdout] 
[INFO] [stdout] error[E0412]: cannot find type `Vector3` in this scope
[INFO] [stdout]   --> src/geometry/point.rs:44:19
[INFO] [stdout]    |
[INFO] [stdout] 44 |     type Output = Vector3<T>;
[INFO] [stdout]    |                   ^^^^^^^ not found in this scope
[INFO] [stdout]    |
[INFO] [stdout] help: consider importing this struct
[INFO] [stdout]    |
[INFO] [stdout] 1  | use crate::geometry::Vector3;
[INFO] [stdout]    |
[INFO] [stdout] 
[INFO] [stdout] 
[INFO] [stdout] error[E0412]: cannot find type `Vector3` in this scope
[INFO] [stdout]   --> src/geometry/point.rs:46:39
[INFO] [stdout]    |
[INFO] [stdout] 46 |     fn sub(self, other: Point3<T>) -> Vector3<T> {
[INFO] [stdout]    |                                       ^^^^^^^ not found in this scope
[INFO] [stdout]    |
[INFO] [stdout] help: consider importing this struct
[INFO] [stdout]    |
[INFO] [stdout] 1  | use crate::geometry::Vector3;
[INFO] [stdout]    |
[INFO] [stdout] 
[INFO] [stdout] 
[INFO] [stdout] error[E0422]: cannot find struct, variant or union type `Vector3` in this scope
[INFO] [stdout]   --> src/geometry/point.rs:47:9
[INFO] [stdout]    |
[INFO] [stdout] 47 |         Vector3 {
[INFO] [stdout]    |         ^^^^^^^ not found in this scope
[INFO] [stdout]    |
[INFO] [stdout] help: consider importing this struct
[INFO] [stdout]    |
[INFO] [stdout] 1  | use crate::geometry::Vector3;
[INFO] [stdout]    |
[INFO] [stdout] 
[INFO] [stdout] 
[INFO] [stdout] error[E0412]: cannot find type `Vector3` in this scope
[INFO] [stdout]   --> src/geometry/point.rs:55:28
[INFO] [stdout]    |
[INFO] [stdout] 55 | impl<T: Sub<Output=T>> Sub<Vector3<T>> for Point3<T> {
[INFO] [stdout]    |                            ^^^^^^^ not found in this scope
[INFO] [stdout]    |
[INFO] [stdout] help: consider importing this struct
[INFO] [stdout]    |
[INFO] [stdout] 1  | use crate::geometry::Vector3;
[INFO] [stdout]    |
[INFO] [stdout] 
[INFO] [stdout] 
[INFO] [stdout] error[E0412]: cannot find type `Vector3` in this scope
[INFO] [stdout]   --> src/geometry/point.rs:58:25
[INFO] [stdout]    |
[INFO] [stdout] 58 |     fn sub(self, other: Vector3<T>) -> Point3<T> {
[INFO] [stdout]    |                         ^^^^^^^ not found in this scope
[INFO] [stdout]    |
[INFO] [stdout] help: consider importing this struct
[INFO] [stdout]    |
[INFO] [stdout] 1  | use crate::geometry::Vector3;
[INFO] [stdout]    |
[INFO] [stdout] 
[INFO] [stdout] 
[INFO] [stdout] error[E0412]: cannot find type `Vector3` in this scope
[INFO] [stdout]   --> src/geometry/point.rs:67:41
[INFO] [stdout]    |
[INFO] [stdout] 67 | impl<T: Sub<Output=T> + Copy> SubAssign<Vector3<T>> for Point3<T> {
[INFO] [stdout]    |                                         ^^^^^^^ not found in this scope
[INFO] [stdout]    |
[INFO] [stdout] help: consider importing this struct
[INFO] [stdout]    |
[INFO] [stdout] 1  | use crate::geometry::Vector3;
[INFO] [stdout]    |
[INFO] [stdout] 
[INFO] [stdout] 
[INFO] [stdout] error[E0412]: cannot find type `Vector3` in this scope
[INFO] [stdout]   --> src/geometry/point.rs:68:37
[INFO] [stdout]    |
[INFO] [stdout] 68 |     fn sub_assign(&mut self, other: Vector3<T>) {
[INFO] [stdout]    |                                     ^^^^^^^ not found in this scope
[INFO] [stdout]    |
[INFO] [stdout] help: consider importing this struct
[INFO] [stdout]    |
[INFO] [stdout] 1  | use crate::geometry::Vector3;
[INFO] [stdout]    |
[INFO] [stdout] 
[INFO] [stdout] 
[INFO] [stdout] error[E0412]: cannot find type `Vector3` in this scope
[INFO] [stdout]    --> src/geometry/normal.rs:108:14
[INFO] [stdout]     |
[INFO] [stdout] 108 | impl<T> From<Vector3<T>> for Normal3<T> {
[INFO] [stdout]     |              ^^^^^^^ not found in this scope
[INFO] [stdout]     |
[INFO] [stdout] help: consider importing this struct
[INFO] [stdout]     |
[INFO] [stdout] 1   | use crate::geometry::Vector3;
[INFO] [stdout]     |
[INFO] [stdout] 
[INFO] [stdout] 
[INFO] [stdout] error[E0412]: cannot find type `Vector3` in this scope
[INFO] [stdout]    --> src/geometry/normal.rs:109:16
[INFO] [stdout]     |
[INFO] [stdout] 109 |     fn from(v: Vector3<T>) -> Self {
[INFO] [stdout]     |                ^^^^^^^ not found in this scope
[INFO] [stdout]     |
[INFO] [stdout] help: consider importing this struct
[INFO] [stdout]     |
[INFO] [stdout] 1   | use crate::geometry::Vector3;
[INFO] [stdout]     |
[INFO] [stdout] 
[INFO] [stdout] 
[INFO] [stdout] error[E0412]: cannot find type `Point3` in this scope
[INFO] [stdout]   --> src/geometry/bounds.rs:10:16
[INFO] [stdout]    |
[INFO] [stdout] 10 |     pub p_min: Point3<T>,
[INFO] [stdout]    |                ^^^^^^ not found in this scope
[INFO] [stdout]    |
[INFO] [stdout] help: consider importing this struct
[INFO] [stdout]    |
[INFO] [stdout] 1  | use crate::geometry::Point3;
[INFO] [stdout]    |
[INFO] [stdout] 
[INFO] [stdout] 
[INFO] [stdout] error[E0412]: cannot find type `Point3` in this scope
[INFO] [stdout]   --> src/geometry/bounds.rs:11:16
[INFO] [stdout]    |
[INFO] [stdout] 11 |     pub p_max: Point3<T>,
[INFO] [stdout]    |                ^^^^^^ not found in this scope
[INFO] [stdout]    |
[INFO] [stdout] help: consider importing this struct
[INFO] [stdout]    |
[INFO] [stdout] 1  | use crate::geometry::Point3;
[INFO] [stdout]    |
[INFO] [stdout] 
[INFO] [stdout] 
[INFO] [stdout] error[E0412]: cannot find type `Point3` in this scope
[INFO] [stdout]   --> src/geometry/bounds.rs:22:42
[INFO] [stdout]    |
[INFO] [stdout] 22 |     pub fn corner(&self, corner: u32) -> Point3<T> {
[INFO] [stdout]    |                                          ^^^^^^ not found in this scope
[INFO] [stdout]    |
[INFO] [stdout] help: consider importing this struct
[INFO] [stdout]    |
[INFO] [stdout] 1  | use crate::geometry::Point3;
[INFO] [stdout]    |
[INFO] [stdout] 
[INFO] [stdout] 
[INFO] [stdout] error[E0422]: cannot find struct, variant or union type `Point3` in this scope
[INFO] [stdout]   --> src/geometry/bounds.rs:23:9
[INFO] [stdout]    |
[INFO] [stdout] 23 |         Point3 {
[INFO] [stdout]    |         ^^^^^^ not found in this scope
[INFO] [stdout]    |
[INFO] [stdout] help: consider importing this struct
[INFO] [stdout]    |
[INFO] [stdout] 1  | use crate::geometry::Point3;
[INFO] [stdout]    |
[INFO] [stdout] 
[INFO] [stdout] 
[INFO] [stdout] error[E0412]: cannot find type `Vector3` in this scope
[INFO] [stdout]   --> src/geometry/bounds.rs:30:31
[INFO] [stdout]    |
[INFO] [stdout] 30 |     pub fn diagonal(&self) -> Vector3<T> {
[INFO] [stdout]    |                               ^^^^^^^ not found in this scope
[INFO] [stdout]    |
[INFO] [stdout] help: consider importing this struct
[INFO] [stdout]    |
[INFO] [stdout] 1  | use crate::geometry::Vector3;
[INFO] [stdout]    |
[INFO] [stdout] 
[INFO] [stdout] 
[INFO] [stdout] error[E0412]: cannot find type `Point3` in this scope
[INFO] [stdout]   --> src/geometry/bounds.rs:63:30
[INFO] [stdout]    |
[INFO] [stdout] 63 |     pub fn offset(&self, p: &Point3<T>) -> Vector3<T> {
[INFO] [stdout]    |                              ^^^^^^ not found in this scope
[INFO] [stdout]    |
[INFO] [stdout] help: consider importing this struct
[INFO] [stdout]    |
[INFO] [stdout] 1  | use crate::geometry::Point3;
[INFO] [stdout]    |
[INFO] [stdout] 
[INFO] [stdout] 
[INFO] [stdout] error[E0412]: cannot find type `Vector3` in this scope
[INFO] [stdout]   --> src/geometry/bounds.rs:63:44
[INFO] [stdout]    |
[INFO] [stdout] 63 |     pub fn offset(&self, p: &Point3<T>) -> Vector3<T> {
[INFO] [stdout]    |                                            ^^^^^^^ not found in this scope
[INFO] [stdout]    |
[INFO] [stdout] help: consider importing this struct
[INFO] [stdout]    |
[INFO] [stdout] 1  | use crate::geometry::Vector3;
[INFO] [stdout]    |
[INFO] [stdout] 
[INFO] [stdout] 
[INFO] [stdout] error[E0412]: cannot find type `Point3` in this scope
[INFO] [stdout]   --> src/geometry/bounds.rs:71:23
[INFO] [stdout]    |
[INFO] [stdout] 71 |     pub fn inside(p: &Point3<T>, b: &Bounds3<T>) -> bool {
[INFO] [stdout]    |                       ^^^^^^ not found in this scope
[INFO] [stdout]    |
[INFO] [stdout] help: consider importing this struct
[INFO] [stdout]    |
[INFO] [stdout] 1  | use crate::geometry::Point3;
[INFO] [stdout]    |
[INFO] [stdout] 
[INFO] [stdout] 
[INFO] [stdout] error[E0412]: cannot find type `Point3f` in this scope
[INFO] [stdout]   --> src/geometry/bounds.rs:78:39
[INFO] [stdout]    |
[INFO] [stdout] 78 |     pub fn bounding_sphere(&self) -> (Point3f, f64) {
[INFO] [stdout]    |                                       ^^^^^^^ not found in this scope
[INFO] [stdout]    |
[INFO] [stdout] help: consider importing this type alias
[INFO] [stdout]    |
[INFO] [stdout] 1  | use crate::geometry::Point3f;
[INFO] [stdout]    |
[INFO] [stdout] 
[INFO] [stdout] 
[INFO] [stdout] error[E0412]: cannot find type `Point3f` in this scope
[INFO] [stdout]   --> src/geometry/bounds.rs:85:26
[INFO] [stdout]    |
[INFO] [stdout] 85 |     pub fn distance(p1: &Point3f, p2: &Point3f) -> f64 {
[INFO] [stdout]    |                          ^^^^^^^ not found in this scope
[INFO] [stdout]    |
[INFO] [stdout] help: consider importing this type alias
[INFO] [stdout]    |
[INFO] [stdout] 1  | use crate::geometry::Point3f;
[INFO] [stdout]    |
[INFO] [stdout] 
[INFO] [stdout] 
[INFO] [stdout] error[E0412]: cannot find type `Point3f` in this scope
[INFO] [stdout]   --> src/geometry/bounds.rs:85:40
[INFO] [stdout]    |
[INFO] [stdout] 85 |     pub fn distance(p1: &Point3f, p2: &Point3f) -> f64 {
[INFO] [stdout]    |                                        ^^^^^^^ not found in this scope
[INFO] [stdout]    |
[INFO] [stdout] help: consider importing this type alias
[INFO] [stdout]    |
[INFO] [stdout] 1  | use crate::geometry::Point3f;
[INFO] [stdout]    |
[INFO] [stdout] 
[INFO] [stdout] 
[INFO] [stdout] error[E0412]: cannot find type `Point3` in this scope
[INFO] [stdout]   --> src/geometry/bounds.rs:92:19
[INFO] [stdout]    |
[INFO] [stdout] 92 |     type Output = Point3<T>;
[INFO] [stdout]    |                   ^^^^^^ not found in this scope
[INFO] [stdout]    |
[INFO] [stdout] help: consider importing this struct
[INFO] [stdout]    |
[INFO] [stdout] 1  | use crate::geometry::Point3;
[INFO] [stdout]    |
[INFO] [stdout] 
[INFO] [stdout] 
[INFO] [stdout] error[E0412]: cannot find type `Point3` in this scope
[INFO] [stdout]   --> src/geometry/bounds.rs:94:33
[INFO] [stdout]    |
[INFO] [stdout] 94 |     fn index(&self, i: u32) -> &Point3<T> {
[INFO] [stdout]    |                                 ^^^^^^ not found in this scope
[INFO] [stdout]    |
[INFO] [stdout] help: consider importing this struct
[INFO] [stdout]    |
[INFO] [stdout] 1  | use crate::geometry::Point3;
[INFO] [stdout]    |
[INFO] [stdout] 
[INFO] [stdout] 
[INFO] [stdout] error[E0422]: cannot find struct, variant or union type `Point3f` in this scope
[INFO] [stdout]    --> src/geometry/bounds.rs:108:20
[INFO] [stdout]     |
[INFO] [stdout] 108 |             p_min: Point3f {
[INFO] [stdout]     |                    ^^^^^^^ not found in this scope
[INFO] [stdout]     |
[INFO] [stdout] help: consider importing this type alias
[INFO] [stdout]     |
[INFO] [stdout] 1   | use crate::geometry::Point3f;
[INFO] [stdout]     |
[INFO] [stdout] 
[INFO] [stdout] 
[INFO] [stdout] error[E0422]: cannot find struct, variant or union type `Point3f` in this scope
[INFO] [stdout]    --> src/geometry/bounds.rs:113:20
[INFO] [stdout]     |
[INFO] [stdout] 113 |             p_max: Point3f {
[INFO] [stdout]     |                    ^^^^^^^ not found in this scope
[INFO] [stdout]     |
[INFO] [stdout] help: consider importing this type alias
[INFO] [stdout]     |
[INFO] [stdout] 1   | use crate::geometry::Point3f;
[INFO] [stdout]     |
[INFO] [stdout] 
[INFO] [stdout] 
[INFO] [stdout] error[E0412]: cannot find type `Point3` in this scope
[INFO] [stdout]    --> src/geometry/bounds.rs:123:27
[INFO] [stdout]     |
[INFO] [stdout] 123 | impl<'a, T: Copy> New<&'a Point3<T>> for Bounds3<T> {
[INFO] [stdout]     |                           ^^^^^^ not found in this scope
[INFO] [stdout]     |
[INFO] [stdout] help: consider importing this struct
[INFO] [stdout]     |
[INFO] [stdout] 1   | use crate::geometry::Point3;
[INFO] [stdout]     |
[INFO] [stdout] 
[INFO] [stdout] 
[INFO] [stdout] error[E0412]: cannot find type `Point3` in this scope
[INFO] [stdout]    --> src/geometry/bounds.rs:125:16
[INFO] [stdout]     |
[INFO] [stdout] 125 |     fn new(p: &Point3<T>) -> Bounds3<T> {
[INFO] [stdout]     |                ^^^^^^ not found in this scope
[INFO] [stdout]     |
[INFO] [stdout] help: consider importing this struct
[INFO] [stdout]     |
[INFO] [stdout] 1   | use crate::geometry::Point3;
[INFO] [stdout]     |
[INFO] [stdout] 
[INFO] [stdout] 
[INFO] [stdout] error[E0412]: cannot find type `Point3` in this scope
[INFO] [stdout]    --> src/geometry/bounds.rs:133:32
[INFO] [stdout]     |
[INFO] [stdout] 133 | impl<'a, 'b, T: Copy> New<(&'a Point3<T>, &'b Point3<T>)> for Bounds3<T> {
[INFO] [stdout]     |                                ^^^^^^ not found in this scope
[INFO] [stdout]     |
[INFO] [stdout] help: consider importing this struct
[INFO] [stdout]     |
[INFO] [stdout] 1   | use crate::geometry::Point3;
[INFO] [stdout]     |
[INFO] [stdout] 
[INFO] [stdout] 
[INFO] [stdout] error[E0412]: cannot find type `Point3` in this scope
[INFO] [stdout]    --> src/geometry/bounds.rs:133:47
[INFO] [stdout]     |
[INFO] [stdout] 133 | impl<'a, 'b, T: Copy> New<(&'a Point3<T>, &'b Point3<T>)> for Bounds3<T> {
[INFO] [stdout]     |                                               ^^^^^^ not found in this scope
[INFO] [stdout]     |
[INFO] [stdout] help: consider importing this struct
[INFO] [stdout]     |
[INFO] [stdout] 1   | use crate::geometry::Point3;
[INFO] [stdout]     |
[INFO] [stdout] 
[INFO] [stdout] 
[INFO] [stdout] error[E0412]: cannot find type `Point3` in this scope
[INFO] [stdout]    --> src/geometry/bounds.rs:135:17
[INFO] [stdout]     |
[INFO] [stdout] 135 |     fn new(p: (&Point3<T>, &Point3<T>)) -> Bounds3<T> {
[INFO] [stdout]     |                 ^^^^^^ not found in this scope
[INFO] [stdout]     |
[INFO] [stdout] help: consider importing this struct
[INFO] [stdout]     |
[INFO] [stdout] 1   | use crate::geometry::Point3;
[INFO] [stdout]     |
[INFO] [stdout] 
[INFO] [stdout] 
[INFO] [stdout] error[E0412]: cannot find type `Point3` in this scope
[INFO] [stdout]    --> src/geometry/bounds.rs:135:29
[INFO] [stdout]     |
[INFO] [stdout] 135 |     fn new(p: (&Point3<T>, &Point3<T>)) -> Bounds3<T> {
[INFO] [stdout]     |                             ^^^^^^ not found in this scope
[INFO] [stdout]     |
[INFO] [stdout] help: consider importing this struct
[INFO] [stdout]     |
[INFO] [stdout] 1   | use crate::geometry::Point3;
[INFO] [stdout]     |
[INFO] [stdout] 
[INFO] [stdout] 
[INFO] [stdout] error: aborting due to 53 previous errors
[INFO] [stdout] 
[INFO] [stdout] 
[INFO] [stdout] Some errors have detailed explanations: E0412, E0422, E0432, E0433.
[INFO] [stdout] 
[INFO] [stdout] For more information about an error, try `rustc --explain E0412`.
[INFO] [stdout] 
[INFO] [stderr] error: could not compile `ray`
[INFO] [stderr] 
[INFO] [stderr] To learn more, run the command again with --verbose.
[INFO] running `Command { std: "docker" "inspect" "3ef07329594b960e292bdb52f221eeb07b03451a63e2241eba7ca21c12d2964c", kill_on_drop: false }`
[INFO] running `Command { std: "docker" "rm" "-f" "3ef07329594b960e292bdb52f221eeb07b03451a63e2241eba7ca21c12d2964c", kill_on_drop: false }`
[INFO] [stdout] 3ef07329594b960e292bdb52f221eeb07b03451a63e2241eba7ca21c12d2964c
